2, what is 1110011011000 + 100?
1110011011100
In base 16, what is -1 + -1f5?
-1f6
In base 6, what is 45 - 32?
13
In base 2, what is 1011 - 1001?
10
In base 14, what is -3b - 1?
-3c
In base 12, what is -4 + 470?
468
In base 9, what is 3 - -1018?
1022
In base 8, what is -3 - 120?
-123
In base 11, what is 1 + 201?
202
In base 7, what is -1666 + 3?
-1663
In base 14, what is 379 - -6?
381
In base 5, what is -33 + 4124?
4041
In base 11, what is 0 + 22?
22
In base 15, what is 2 + -103?
-101
In base 9, what is 17 + 7?
25
In base 11, what is 126 - -1?
127
In base 8, what is 1274 - 4?
1270
In base 14, what is -4 + -37?
-3b
In base 14, what is -4 + -244?
-248
In base 13, what is 1 + 663?
664
In base 9, what is -4 + -181?
-185
In base 2, what is -11100 + -110011?
-1001111
In base 11, what is 4 + 6a?
73
In base 9, what is 7 + -52?
-44
In base 15, what is 1 - -4e1?
4e2
In base 7, what is 2 - 422?
-420
In base 12, what is 1a5 - -3?
1a8
In base 2, what is 10011 - 111?
1100
In base 15, what is 4 - 1e?
-1a
In base 6, what is 5 + -12105?
-12100
In base 10, what is -10 + -651?
-661
In base 7, what is -514 - 2?
-516
In base 10, what is -13659 + -2?
-13661
In base 9, what is 471 - -4?
475
In base 16, what is -3 + 69?
66
In base 10, what is -454 - 2?
-456
In base 8, what is -145 - 14?
-161
In base 4, what is -12 + -110?
-122
In base 13, what is a + 1cc?
209
In base 2, what is 11110 - 1100100?
-1000110
In base 3, what is 11 - -100001?
100012
In base 7, what is -2 + -24121?
-24123
In base 11, what is 4 + 2490?
2494
In base 16, what is -88 - e?
-96
In base 15, what is -1 - 66?
-67
In base 6, what is 10 + 5450?
5500
In base 13, what is 680 + b?
68b
In base 7, what is -1 - 115?
-116
In base 2, what is 111 - -100001?
101000
In base 11, what is 144 - 5?
13a
In base 10, what is 381 + 97?
478
In base 16, what is -1d + 13d?
120
In base 12, what is -1 - 15?
-16
In base 14, what is 5 - 339?
-334
In base 13, what is 5 - -3b?
43
In base 7, what is -26121 + 3?
-26115
In base 5, what is -2 - -1023?
1021
In base 7, what is -1336 + 3?
-1333
In base 10, what is 8 - 100?
-92
In base 4, what is 211 + -130?
21
In base 2, what is -110011 + -1001110?
-10000001
In base 9, what is 16442 + -1?
16441
In base 9, what is -1 - -6373?
6372
In base 6, what is 0 + 12215?
12215
In base 6, what is -124 + -23?
-151
In base 9, what is 123 - 3?
120
In base 10, what is -3 + 47?
44
In base 16, what is 4 + 12?
16
In base 6, what is 1 - 14?
-13
In base 10, what is -257 + -4?
-261
In base 11, what is 22a + 0?
22a
In base 10, what is -5 - -490?
485
In base 10, what is -11 - -75?
64
In base 14, what is 20 + -68?
-48
In base 11, what is 5 - 179?
-174
In base 2, what is 1010 - -110111?
1000001
In base 15, what is a4 - -3?
a7
In base 7, what is 223 - -52?
305
In base 10, what is -2 + 32?
30
In base 10, what is 15 - 54?
-39
In base 3, what is 22100 - 101?
21222
In base 4, what is -2230 + 10?
-2220
In base 11, what is 7a + -9?
71
In base 15, what is 105 - -e?
114
In base 16, what is 0 + -4e6?
-4e6
In base 7, what is 5 + -4433?
-4425
In base 2, what is 101100 + 11?
101111
In base 5, what is -2321 - 3?
-2324
In base 8, what is 5 + 15?
22
In base 11, what is 11 + 13?
24
In base 2, what is -111101110 + -100?
-111110010
In base 3, what is 1020 - -111?
1201
In base 10, what is 3 - -1396?
1399
In base 3, what is -1012110 + 2?
-1012101
In base 14, what is -2b6 - 1?
-2b7
In base 13, what is 2 + 62?
64
In base 4, what is 1 - -1002323?
1002330
In base 16, what is 54 - -2?
56
In base 11, what is 19273 + -3?
19270
In base 9, what is 44 + -43?
1
In base 12, what is -1616 - -1?
-1615
In base 3, what is 110001 + 2?
110010
In base 12, what is -5bb + -1?
-600
In base 16, what is 4 - -2f?
33
In base 8, what is 4 - -12?
16
In base 14, what is 16b50 + -4?
16b4a
In base 5, what is 21230 + 1?
21231
In base 5, what is -11410 - 104?
-12014
In base 9, what is 14 + -7?
6
In base 10, what is -13 - 18?
-31
In base 7, what is 2 - 13610?
-13605
In base 2, what is -11111 + 111?
-11000
In base 12, what is 3 - 22?
-1b
In base 6, what is -3421 + 5?
-3412
In base 14, what is 784 + 6?
78a
In base 6, what is -35 + -13?
-52
In base 4, what is -21 - -223?
202
In base 13, what is -6b3 - -4?
-6ac
In base 10, what is 14941 - -3?
14944
In base 4, what is 1 - 0?
1
In base 2, what is -101101 - -1000?
-100101
In base 3, what is -2 + -2222?
-10001
In base 15, what is 8 - b?
-3
In base 16, what is c0 - -1e?
de
In base 13, what is 14 - -5?
19
In base 14, what is 389 + -14?
375
In base 8, what is 13 - 10?
3
In base 4, what is 2023 + 0?
2023
In base 4, what is 102 + 10?
112
In base 10, what is -253 + -3?
-256
In base 16, what is 2 + 17e?
180
In base 14, what is -82 + 4?
-7c
In base 14, what is -2 + -32?
-34
In base 13, what is -5 + b?
6
In base 9, what is 3081 + 4?
3085
In base 15, what is 0 + 123?
123
In base 8, what is -12 - 606?
-620
In base 2, what is 100010 - 100001?
1
In base 10, what is 307 + -7?
300
In base 3, what is 21 + 1002?
1100
In base 6, what is -145 - -214?
25
In base 15, what is -e - -2?
-c
In base 6, what is -4 - 25?
-33
In base 11, what is 3 + 61?
64
In base 4, what is 20 - 22?
-2
In base 14, what is -5 - -1c?
17
In base 16, what is 14c + -6?
146
In base 3, what is -12222210 + 12?
-12222121
In base 10, what is 180 - 8?
172
In base 5, what is -11 + 1330?
1314
In base 3, what is -221 + -200010?
-201001
In base 11, what is 4 + 59?
62
In base 3, what is -1210 - -10122?
1212
In base 15, what is -86 + c?
-79
In base 2, what is -1 + 1001110001?
1001110000
In base 3, what is -11 + 1201?
1120
In base 9, what is 31 - 1?
30
In base 8, what is -23 + 103?
60
In base 7, what is 26 - 2454?
-2425
In base 15, what is 30 - -d?
3d
In base 6, what is 3 - -5344?
5351
In base 5, what is -14204 - 10?
-14214
In base 13, what is 25c + 1?
260
In base 10, what is -341 - 0?
-341
In base 3, what is -110 - 21?
-201
In base 14, what is 6 - -cb?
d3
In base 2, what is 10 + -1011010?
-1011000
In base 7, what is -2 - -214?
212
In base 3, what is -120 + 120?
0
In base 10, what is -11432 - 4?
-11436
In base 12, what is 2 + 166?
168
In base 16, what is -28 - -10?
-18
In base 16, what is -22f - -1?
-22e
In base 13, what is -b + -45?
-53
In base 12, what is -10 - -106?
b6
In base 14, what is -a2 - -3?
-9d
In base 4, what is -11200 - 2?
-11202
In base 16, what is 35 + 4?
39
In base 4, what is -2 - 10133?
-10201
In base 10, what is -6 + -252?
-258
In base 6, what is 203 - 13?
150
In base 10, what is 1021 - 2?
1019
In base 10, what is -3 - -42?
39
In base 16, what is 22 + -218?
-1f6
In base 12, what is 27 - -16?
41
In base 16, what is -5 + 35?
30
In base 10, what is 630 - 4?
626
In base 15, what is e - -15?
24
In base 7, what is 2246 + -3?
2243
In base 13, what is -11b - -33?
-b8
In base 3, what is 101 - -1212?
2020
In base 6, what is -20 - -2222?
2202
In base 5, what is 3 + -1201?
-1143
In base 14, what is 9b + 3?
a0
In base 10, what is 2481 + -3?
2478
In base 7, what is 154 - -52?
236
In base 5, what is 10304 - 2?
10302
In base 16, what is 894 - -2?
896
In base 16, what is 5 - af?
-aa
In base 16, what is -4 + 8c?
88
In base 14, what is -1b - 1?
-1c
In base 15, what is 13 - -2d4?
2e7
In base 13, what is 411b - 4?
4117
In base 15, what is -18 + -5?
-1d
In base 8, what is -4550 + 4?
-4544
In base 4, what is -1 - 3101?
-3102
In base 15, what is -23d + 9?
-234
In base 13, what is 1 + 22?
23
In base 11, what is 83 - -1a?
a2
In base 13, what is 2 - -654?
656
In base 16, what is 13d + 2c?
169
In base 5, what is 1040 - -3?
1043
In base 13, what is -9c65 - -2?
-9c63
In base 12, what is 2 - 40?
-3a
In base 2, what is -1001010 - 10?
-1001100
In base 13, what is 5 - 33?
-2b
In base 15, what is 1 + -c13?
-c12
In base 11, what is 2 - -154?
156
In base 2, what is -11 + -110?
-1001
In base 8, what is 137 + -12?
125
In base 9, what is 27 - 0?
27
In base 2, what is 110 - -10000101?
10001011
In base 10, what is -55 - -3?
-52
In base 5, what is -23 + 20?
-3
In base 12, what is 469 + 4?
471
In base 6, what is -3 + -43?
-50
In base 7, what is 164 + -15?
146
In base 7, what is 44142 + 0?
44142
In base 9, what is -4 - 44?
-48
In base 13, what is 32 + -3?
2c
In base 3, what is -10120001 + -12?
-10120020
In base 14, what is 0 + -1bd?
-1bd
In base 10, what is -5 + 396?
391
In base 8, what is -5427 - -1?
-5426
I